mmon factor of 1276 and 9284872.
116
What is the greatest common divisor of 1065926 and 541272?
2374
Calculate the highest common factor of 1027 and 11866511.
79
Calculate the greatest common factor of 981 and 355149.
9
What is the greatest common factor of 5903006 and 4?
2
What is the highest common divisor of 1401 and 167357389?
467
Calculate the highest common factor of 461312 and 131652.
212
Calculate the highest common factor of 446 and 46646248.
446
What is the highest common divisor of 948986 and 1136?
142
What is the highest common divisor of 171710 and 13277?
11
Calculate the greatest common factor of 1173150 and 3450.
150
Calculate the greatest common factor of 160 and 273766880.
160
What is the greatest common factor of 277290 and 10638?
54
What is the highest common divisor of 2643413 and 2622?
437
What is the highest common divisor of 135964368 and 612?
612
What is the greatest common divisor of 7 and 3885056?
7
Calculate the highest common divisor of 68240320 and 5979.
1993
Calculate the highest common factor of 6675 and 835176.
267
What is the highest common factor of 4028 and 800014?
38
What is the greatest common divisor of 5634642 and 39?
39
What is the highest common divisor of 966 and 869883?
483
Calculate the highest common factor of 10246560 and 5280.
480
What is the highest common divisor of 8512 and 175889?
7
Calculate the greatest common divisor of 352814 and 555814.
406
What is the greatest common divisor of 590 and 644155?
5
What is the highest common factor of 6260120 and 4465?
95
Calculate the greatest common factor of 24678 and 2561598.
54
Calculate the greatest common factor of 5872 and 5079904.
16
Calculate the greatest common divisor of 197884 and 20333392.
3244
Calculate the highest common factor of 32 and 28615664.
16
What is the highest common divisor of 425 and 182375?
25
Calculate the highest common factor of 42200 and 2533055.
1055
What is the greatest common factor of 35 and 1252521865?
35
What is the highest common divisor of 1731256 and 552?
184
Calculate the greatest common divisor of 141835614 and 366.
366
Calculate the greatest common divisor of 44 and 26100349.
11
What is the greatest common factor of 1 and 49233195?
1
Calculate the highest common factor of 895 and 837215.
5
What is the greatest common divisor of 41400088 and 380?
76
Calculate the greatest common factor of 25731862 and 494.
26
What is the highest common factor of 487210236 and 228?
228
What is the highest common divisor of 415 and 1614615?
5
Calculate the greatest common factor of 12 and 2196159.
3
Calculate the greatest common factor of 50526 and 3472259.
2807
What is the highest common factor of 3344 and 132902264?
1672
Calculate the greatest common factor of 165714 and 64326.
426
What is the highest common divisor of 810 and 546250?
10
Calculate the highest common factor of 10 and 545526080.
10
What is the highest common factor of 48 and 742932?
12
Calculate the highest common divisor of 3276 and 17554572.
252
What is the highest common factor of 511920 and 588600?
1080
Calculate the highest common divisor of 147756643 and 7654.
3827
What is the greatest common factor of 586184 and 352?
8
Calculate the greatest common divisor of 1193 and 56113948.
1193
Calculate the highest common divisor of 14746 and 167024.
146
Calculate the greatest common divisor of 70543414 and 30207.
10069
What is the greatest common divisor of 310785 and 6420?
15
What is the highest common divisor of 27731361 and 30?
3
Calculate the highest common divisor of 11712 and 153354.
366
What is the greatest common divisor of 189 and 1016883?
63
What is the highest common divisor of 385903 and 536935?
203
Calculate the greatest common factor of 2296 and 419758.
82
What is the highest common divisor of 351 and 2902224?
39
What is the greatest common factor of 80880 and 14?
2
What is the greatest common divisor of 8449 and 1533?
7
Calculate the highest common divisor of 22 and 30598744.
22
What is the highest common factor of 78763 and 17532245?
997
Calculate the greatest common factor of 21168 and 483732.
108
Calculate the greatest common factor of 4698100 and 22.
22
What is the highest common factor of 90 and 439390?
10
What is the highest common factor of 772709 and 1484630?
1169
Calculate the highest common divisor of 72270051 and 147.
147
Calculate the highest common divisor of 64 and 362175808.
64
What is the greatest common factor of 1187 and 1184?
1
Calculate the greatest common factor of 126324 and 29.
29
Calculate the greatest common factor of 608 and 59383664.
304
Calculate the greatest common divisor of 82090815 and 492.
123
Calculate the greatest common divisor of 3144 and 5918187.
393
Calculate the highest common divisor of 84522639 and 4299.
4299
Calculate the highest common factor of 2601 and 355759.
289
What is the highest common divisor of 299892 and 3540?
12
Calculate the greatest common factor of 29786406 and 148.
74
Calculate the greatest common factor of 63 and 97917897.
21
Calculate the highest common factor of 364752 and 5328.
144
What is the highest common divisor of 3072 and 36306688?
256
Calculate the greatest common divisor of 126 and 169386.
42
What is the highest common factor of 33015 and 172892952?
6603
What is the highest common divisor of 2324770879 and 526?
263
What is the greatest common divisor of 5508 and 78098?
34
What is the highest common factor of 33686201 and 331?
331
Calculate the greatest common factor of 236146 and 6538916.
3326
Calculate the highest common divisor of 8253 and 146278923.
2751
What is the greatest common divisor of 1088 and 126123?
17
What is the greatest common divisor of 10 and 1672660?
10
Calculate the highest common divisor of 5541184 and 4880.
16
What is the highest common divisor of 3280 and 44119690?
410
What is the highest common divisor of 253008 and 3630213?
2259
Calculate the greatest common factor of 2728 and 2480000.
248
What is the greatest common factor of 6272 and 1337602?
98
Calculate the highest common divisor of 3206576 and 13232.
16
Calculate the highest common factor of 562611 and 13578.
219
Calculate the highest common factor of 158456303 and 2766.
461
What is the highest common factor of 25494 and 65961?
21
Calculate the greatest common divisor of 28 and 21423948.
28
What is the highest common divisor of 135762 and 8052?
66
Calculate the greatest common factor of 146730 and 143.
1
What is the greatest common divisor of 799980 and 294321?
597
Calculate the highest common divisor of 8730 and 156752.
194
What is the greatest common divisor of 19641230 and 50?
10
What is the greatest common divisor of 390 and 5772510?
30
Calculate the greatest common factor of 3161 and 1556749.
29
Calculate the greatest common factor of 4669 and 26681015.
29
What is the greatest common factor of 85425767 and 49?
49
What is the greatest common factor of 6717620 and 2340?
260
Calculate the greatest common factor of 8450 and 213130.
10
Calculate the highest common divisor of 780 and 16102365.
15
Calculate the greatest common factor of 46 and 76967499.
23
What is the highest common factor of 283650 and 116022?
366
What is the greatest common factor of 1323 and 35886032?
49
Calculate the highest common factor of 18 and 10892646.
18
Calculate the greatest common divisor of 6276546 and 2919258.
2826
Calculate the highest common divisor of 31592 and 20581.
11
What is the greatest common divisor of 53758159 and 6565?
1313
Calculate the greatest common factor of 540800 and 7275.
25
What is the greatest common divisor of 257544 and 516?
12
What is the highest common divisor of 40 and 81107210?
10
Calculate the highest common divisor of 856 and 22107698.
214
What is the highest common divisor of 1930614 and 276318?
1806
Calculate the highest common divisor of 132 and 203656332.
132
Calculate the highest common factor of 337395 and 3796710.
4065
Calculate the greatest common divisor of 79755 and 7050.
15
What is the highest common factor of 2999805 and 81933?
2643
What is the greatest common divisor of 29106 and 4207434?
3234
Calculate the greatest common factor of 78377813 and 253.
23
Calculate the highest common divisor of 8342 and 766733.
43
Calculate the greatest common factor of 40703496 and 3472.
248
Cal